termine b(-16).
1018
Let p(v) = 187*v + 31110. Give p(-160).
1190
Let z(u) = -u**3 - 169*u**2 + 884*u + 2481. Calculate z(-174).
45
Let c(x) = 7865*x - 62775. Calculate c(8).
145
Let d(r) = -27*r**2 - 94*r + 37. Give d(-4).
-19
Let v(a) = -117*a**2 + 2182*a + 777. Determine v(19).
-2
Let p(n) = -5*n**3 + 5*n**2 + 101*n - 838. What is p(6)?
-1132
Let n(o) = -3552*o + 7006. Determine n(2).
-98
Let q(g) = 294*g + 6422. Determine q(-22).
-46
Let x(d) = -8*d**2 - 2851*d - 14145. What is x(-5)?
-90
Let g(b) = b**3 - 56*b**2 - 450*b + 2295. Calculate g(63).
1728
Let s(r) = 116*r - 11269. Calculate s(93).
-481
Let q(d) = -97629*d + 97605. What is q(1)?
-24
Let i(r) = -r**3 - 42*r**2 - 385*r + 70. Determine i(-14).
-28
Let n(g) = g**3 + 15*g**2 - 815*g - 7798. What is n(-9)?
23
Let i(v) = 247*v**2 - 2376*v + 18. Determine i(12).
7074
Let f(w) = 32384*w**2 - 8*w + 67. Give f(0).
67
Let t(z) = -z**3 - 102*z**2 - 121*z - 1841. What is t(-101)?
179
Let h(f) = -828*f - 19551. Determine h(-25).
1149
Let y(n) = -38*n + 1353. What is y(3)?
1239
Let t(r) = r**2 - 4221*r - 71998. Determine t(-17).
48
Let w(t) = -3*t**2 - 75*t - 1146. Give w(-29).
-1494
Let h(n) = -1252*n + 220364. What is h(176)?
12
Let r(t) = -543*t - 21747. Determine r(-41).
516
Let x(z) = -z**3 + 620*z**2 - 601*z - 11136. What is x(619)?
6
Let m(k) = -1311*k - 312012. Give m(-238).
6
Let o(k) = 1320674*k - 3961999. Determine o(3).
23
Let q(p) = -2*p**3 + 11*p**2 + 1513*p + 9360. Calculate q(-7).
-6
Let n(u) = u**3 + 6*u**2 - 464*u + 899. What is n(2)?
3
Let z(y) = -304*y + 78235. Determine z(283).
-7797
Let k(f) = f**2 + 1952154*f - 13665115. Give k(7).
12
Let g(i) = -7*i**3 - 41*i**2 + 7*i + 34. Determine g(-7).
377
Let u(p) = p**2 - 65*p - 410. What is u(62)?
-596
Let a(m) = 696*m - 10901. Give a(17).
931
Let k(p) = -p**3 + 5*p**2 - 54*p + 105. What is k(9)?
-705
Let k(z) = -17*z**3 - 611*z**2 + 50*z + 481. Calculate k(-36).
-23
Let t(b) = -2*b**3 - 36*b**2 - 12*b - 11. Calculate t(0).
-11
Let a(z) = -182975*z - 365940. Calculate a(-2).
10
Let g(w) = -2174*w + 393495. Calculate g(181).
1
Let w(d) = 12*d**2 + 1354*d + 24798. Calculate w(-23).
4
Let y(k) = -k**3 + 37*k**2 - 265*k + 75. What is y(28)?
-289
Let o(n) = -2*n**2 + 2180*n - 534185. Calculate o(718).
7
Let q(o) = 13210*o - 10713. Determine q(1).
2497
Let v(n) = n**3 - 71*n**2 + 227*n - 1585. Calculate v(68).
-21
Let l(z) = z**3 + 18*z**2 + 192*z + 879. Give l(-9).
-120
Let l(x) = -x**2 + 515*x - 49138. What is l(389)?
-124
Let q(o) = 836*o - 16101. What is q(19)?
-217
Let t(q) = -2051*q + 67667. Determine t(33).
-16
Let g(j) = -407*j + 19274. Determine g(48).
-262
Let q(c) = 35*c**2 - 44621*c - 178498. What is q(-4)?
546
Let r(v) = 9837*v - 107443. Give r(11).
764
Let m(r) = -9*r**3 + 108*r**2 + 45538*r - 546455. Calculate m(12).
1
Let x(u) = 192*u + 3938. Determine x(-21).
-94
Let y(k) = 3624*k - 717073. Calculate y(198).
479
Let d(y) = 40*y**2 - 1252*y + 134. Calculate d(31).
-238
Let s(y) = -y**2 - 633*y + 521642. Determine s(472).
82
Let o(u) = -1796*u + 202885. Calculate o(113).
-63
Let x(k) = -k**3 - 78*k**2 + 160*k - 208. Calculate x(-80).
-208
Let k(c) = -2*c**3 + 138*c**2 + 426*c + 15. What is k(-3)?
33
Let n(m) = -149*m**2 + 1376*m - 308. Calculate n(9).
7
Let f(v) = -v**3 + 89*v**2 - 483*v - 1286. What is f(83)?
-41
Let b(u) = 6*u**3 - 4612*u**2 + 3338*u - 204292. Calculate b(768).
-4
Let d(z) = -2184*z - 135403. What is d(-62)?
5
Let g(t) = -43*t**2 - 4825*t + 24107. Determine g(-117).
5
Let x(c) = -10728*c - 321727. Determine x(-30).
113
Let x(r) = -2*r**2 - 86*r + 467. Calculate x(-60).
-1573
Let x(d) = 6*d**3 - d**2 - 15*d + 21. Calculate x(3).
129
Let r(s) = -s**2 - 35*s - 30. Give r(-43).
-374
Let k(y) = -3822*y - 96. What is k(0)?
-96
Let b(g) = g**2 + 8600*g + 171817. Determine b(-20).
217
Let l(k) = -k**2 + 85532*k - 684187. What is l(8)?
5
Let k(y) = 280*y**3 - 45912*y**2 - 1309*y - 496. What is k(164)?
-4
Let g(i) = 67914*i**2 + 1018707*i - 31. Calculate g(-15).
14
Let m(p) = p**3 - 12*p**2 + 4*p + 482. Determine m(12).
530
Let i(o) = -46*o + 10784. Calculate i(243).
-394
Let l(y) = y**2 + 79*y + 1136. Calculate l(-64).
176
Let m(f) = 29*f**2 - 1915*f + 194. Calculate m(66).
128
Let h(p) = p**3 - 9*p**2 + 51*p - 2589. Determine h(16).
19
Let r(p) = p**3 - 45*p**2 - 96*p + 754. Determine r(8).
-2382
Let z(k) = 26*k - 975. Give z(-7).
-1157
Let w(r) = -41044*r + 42275316. What is w(1030)?
-4
Let c(m) = -2440*m**2 - 673438*m + 552. Give c(-276).
0
Let v(r) = 3*r**3 + 210*r**2 + 1161*r + 577. Calculate v(-64).
1
Let p(k) = -67*k**2 + 784*k - 2200. Give p(7).
5
Let p(k) = 4*k**2 - 237*k - 2343. What is p(76)?
2749
Let a(f) = f**2 - 1652*f - 560943. Determine a(-289).
6
Let k(z) = 1903*z + 13272. What is k(-7)?
-49
Let w(u) = -u**2 + 1926*u - 927289. Determine w(957).
44
Let j(h) = -2*h**3 - 205*h**2 - 2702*h - 373. Determine j(-87).
62
Let f(m) = 12*m**2 - 1931*m - 96434. Give f(-40).
6
Let h(s) = s**2 - 729839*s + 5108808. Give h(7).
-16
Let q(o) = 22*o**3 - 5*o**2 - o - 24. Determine q(-4).
-1508
Let l(m) = 374*m + 92829. Calculate l(-248).
77
Let c(w) = -29*w**2 - 163*w - 43. Give c(-5).
47
Let i(t) = -t**3 + 48*t**2 + 182*t + 406. What is i(52)?
-946
Let f(s) = -s**2 - 34*s + 553. Calculate f(-53).
-454
Let o(y) = 9*y**2 + 182*y - 377. What is o(2)?
23
Let f(r) = 15853*r - 101. Give f(0).
-101
Let c(o) = 4*o**3 + 457*o**2 + 4630*o - 510. Give c(-103).
5
Let b(n) = -24*n**2 - 164*n + 712. Calculate b(-12).
-776
Let r(q) = -3*q**3 - 125*q**2 - 808*q + 26. Give r(-8).
26
Let u(w) = -320*w + 58591. What is u(183)?
31
Let p(y) = 3*y**3 + 223*y**2 + 4141*y - 120. Determine p(-37).
-9
Let m(k) = -5*k**3 + 451*k**2 - 10095*k + 52. What is m(49)?
3
Let l(j) = -68*j - 2897. What is l(-44)?
95
Let r(y) = -y**3 + 17*y**2 - 48*y - 131. Calculate r(12).
13
Let k(g) = -247*g**3 + 9*g**2 - 18*g + 8. Determine k(1).
-248
Let u(h) = 2*h**3 + 10*h**2 - 20*h + 263. Give u(0).
263
Let y(s) = -2*s**3 + 153*s**2 - 263*s + 14079. Determine y(76).
-133
Let j(t) = 2*t**2 + 355*t - 777432. Determine j(541).
-15
Let y(k) = 15*k**2 + 309*k - 909. Give y(3).
153
Let z(v) = -v**2 - 4732*v + 128496. What is z(27)?
3
Let w(i) = 2*i**3 + 21*i**2 - 453*i + 61. Give w(-22).
-1105
Let t(k) = 2148064*k + 15036456. Give t(-7).
8
Let m(t) = 2950*t - 41321. Give m(14).
-21
Let y(k) = -8437*k - 160264. Determine y(-19).
39
Let x(w) = -w**2 + 190*w - 7881. What is x(129)?
-12
Let o(m) = -4650*m - 4338379. Determine o(-933).
71
Let w(t) = -205*t - 366. Calculate w(-7).
1069
Let z(f) = -f**3 + 101*f**2 - 83*f - 2012. What is z(100)?
-312
Let j(b) = -5*b**2 + 87*b - 740. Calculate j(7).
-376
Let y(g) = 2*g**2 + 4*g + 41. Calculate y(13).
431
Let u(p) = 23616*p - 637545. What is u(27)?
87
Let h(u) = -48*u**2 + 75*u - 222. Give h(3).
-429
Let q(b) = -b**3 - 7*b**2 + 249*b + 501. Calculate q(-2).
-17
Let l(v) = v**3 - 209*v**2 - 2359*v - 1692. What is l(-10)?
-2
Let o(w) = -w**2 - 551*w + 300491. Calculate o(338).
9
Let a(y) = y**3 - 347*y**2 - 2117*y + 6. Determine a(-6).
0
Let d(q) = 255*q**2 - 16320*q - 3. What is d(64)?
-3
Let j(u) = -2*u**3 + 112*u**2 - 3430*u + 156736. Determine j(52).
8
Let k(i) = -i**3 + 79*i**2 + 397*i - 124. Determine k(-5).
-9
Let r(v) = -32*v**2 - 2571*v + 7006. What is r(-83)?
-49
Let s(w) = -65*w - 8742. What is s(-135)?
33
Let l(b) = -3*b**3 + 112*b**2 - 439*b + 53. Give l(33).
-277
Let r(l) = l**2 - 47*l - 3183. Give r(-39).
171
Let p(h) = 22964*h - 91848. What is p(4)?
8
Let j(k) = -k**2 - 3685*k + 103575. Calculate j(28).
-389
Let r(v) = -v**3 - 759*v**2 - 1346*v + 127176. What is r(-757)?
0
Let l(r) = r**3 - 223*r**2 - 61*r - 36514. What is l(224)?
-2
Let o(p) = -p**3 - 1250*p**2 + 7116*p - 527519. Calculate o(-1256).
1
Let a(p) = 13*p**2 - 95*p - 43. What is a(13)?
919
Let o(q) = 270*q**3 + 6212*q**2 - 275*q - 7375. What is o(-23)?
8
Let f(s) = 61230*s + 1347064. Give f(-22).
4
Let g(x) = 3127*x + 272054. Give g(-87).
5
Let r(p) = -6*p**2 + 2377*p + 151972. Calculate r(-56).
44
Let n(m) = 11*m**3 + 273*m**2 - 37*m - 156. Determine n(-25).
-481
Let n(g) = -16*g**3 - 5*g**2 + 60*g - 167. Give n(3).
-464
Let u(v) = v**2 - 10341*v + 11072258. Give u(1213).
-6
Let j(w) = -33*w**3 - 3*w**2 - 222*w + 224. What is j(1)?
-34
Le